ivisor of 2792436 and 68676?
1164
Calculate the highest common factor of 2070784800 and 30.
30
Calculate the greatest common divisor of 19919540 and 30.
10
What is the highest common divisor of 99 and 3785751?
9
Calculate the greatest common divisor of 916055 and 203497.
49
Calculate the greatest common divisor of 404 and 44986814.
202
What is the greatest common factor of 4281240 and 360?
120
Calculate the highest common divisor of 10178014 and 812.
406
Calculate the highest common factor of 21962512 and 116.
116
What is the highest common divisor of 58050276 and 324?
12
What is the greatest common divisor of 21 and 197949346?
7
What is the greatest common factor of 166 and 42684493?
83
Calculate the greatest common divisor of 1003829 and 1126.
563
Calculate the greatest common divisor of 2298830 and 848189.
7927
Calculate the highest common divisor of 13184 and 264716.
4
What is the greatest common divisor of 30202368 and 8162?
742
Calculate the greatest common divisor of 4023360 and 12394184.
11176
Calculate the highest common divisor of 1258101 and 1300.
13
Calculate the greatest common divisor of 6769250 and 250.
250
Calculate the greatest common divisor of 2377126 and 39668.
422
Calculate the greatest common divisor of 1 and 22927189.
1
What is the greatest common divisor of 5482547 and 35?
7
What is the greatest common factor of 627540 and 328?
4
Calculate the greatest common divisor of 133054644 and 6636.
948
What is the greatest common factor of 1551380 and 308?
4
What is the highest common divisor of 466601999 and 1167?
389
What is the highest common factor of 110700 and 9948?
12
What is the greatest common factor of 1472 and 51739648?
64
What is the greatest common factor of 252805 and 8257935?
1085
Calculate the highest common factor of 1976994 and 122202.
1674
Calculate the highest common divisor of 50061 and 2935839.
111
What is the greatest common divisor of 36 and 14043798?
18
What is the greatest common factor of 47028 and 2148?
12
Calculate the highest common divisor of 7952 and 23736.
8
Calculate the highest common factor of 18177 and 155255816.
6059
What is the highest common factor of 1624 and 1236328?
232
What is the highest common divisor of 11474584 and 4814?
166
What is the greatest common divisor of 3059 and 49534709?
161
What is the greatest common divisor of 27962 and 16099798?
902
Calculate the highest common divisor of 319 and 24652958.
319
Calculate the highest common divisor of 25004070 and 6174.
126
Calculate the greatest common divisor of 6920 and 5480.
40
What is the greatest common factor of 8725 and 20372526?
349
What is the highest common factor of 186020703 and 9?
9
Calculate the highest common factor of 4909900 and 5180.
740
Calculate the highest common factor of 980343 and 18392.
19
Calculate the highest common divisor of 5861884 and 28.
28
Calculate the greatest common divisor of 176470728 and 1428.
84
Calculate the greatest common factor of 1288 and 64442098.
14
Calculate the highest common divisor of 4496 and 280787564.
1124
What is the greatest common factor of 672 and 3173088?
96
Calculate the highest common divisor of 188889960 and 1260.
420
What is the greatest common divisor of 4335749 and 1321628?
6743
What is the greatest common divisor of 1710 and 5452515?
45
Calculate the greatest common factor of 41112648 and 72.
72
Calculate the highest common divisor of 38 and 341575711.
19
What is the highest common divisor of 30378 and 1155462?
366
Calculate the highest common factor of 106738 and 273568.
166
What is the greatest common divisor of 212403 and 691887?
2103
Calculate the greatest common factor of 30 and 103644120.
30
Calculate the greatest common divisor of 9019298 and 3296.
206
What is the greatest common factor of 7908752 and 215888?
1648
Calculate the highest common divisor of 12073600 and 128800.
5600
What is the greatest common factor of 81521984 and 64?
64
Calculate the greatest common factor of 80 and 25350320.
80
What is the greatest common divisor of 753401 and 253?
11
What is the greatest common divisor of 13885008 and 552?
552
What is the highest common factor of 6 and 1651618?
2
What is the highest common factor of 120 and 232094184?
24
What is the greatest common factor of 96361992 and 24?
24
What is the greatest common divisor of 63282882 and 13338?
1482
Calculate the greatest common divisor of 411 and 435063639.
411
Calculate the highest common divisor of 4700106 and 729.
243
Calculate the greatest common factor of 142760 and 56330.
430
What is the highest common factor of 874882 and 1442?
206
What is the highest common divisor of 354 and 10974059?
59
Calculate the greatest common divisor of 13 and 3509069.
1
Calculate the greatest common factor of 46 and 9952721.
23
What is the greatest common divisor of 198 and 3410913?
33
What is the greatest common factor of 7 and 1176497?
7
What is the highest common factor of 4116814 and 1522079?
2483
What is the greatest common factor of 80 and 2934760?
40
Calculate the highest common factor of 186 and 60177386.
62
What is the greatest common divisor of 190150 and 19050?
50
Calculate the highest common divisor of 15520944 and 3551.
53
Calculate the greatest common factor of 1406 and 35361242.
38
What is the highest common divisor of 22919 and 9963?
41
Calculate the greatest common divisor of 23871 and 1815177.
327
What is the highest common divisor of 227386 and 6459304?
3854
What is the highest common factor of 302085 and 12492893?
6713
What is the highest common divisor of 90 and 345613185?
45
Calculate the highest common divisor of 25149 and 850750.
83
Calculate the highest common divisor of 8862 and 5033154.
42
Calculate the greatest common divisor of 94116 and 203640.
12
Calculate the highest common factor of 189101 and 517.
11
What is the greatest common divisor of 54 and 16742862?
54
What is the highest common divisor of 64871000 and 125?
125
Calculate the highest common divisor of 26269 and 187498.
241
What is the greatest common divisor of 122428 and 85796?
964
Calculate the greatest common divisor of 954724484 and 18536.
9268
Calculate the highest common divisor of 1932 and 17143602.
966
What is the greatest common divisor of 86 and 110921123?
43
Calculate the highest common divisor of 240401 and 78568.
427
Calculate the highest common factor of 7087916 and 220.
44
Calculate the greatest common divisor of 130150440 and 3240.
360
Calculate the highest common divisor of 15743741 and 351.
13
What is the highest common divisor of 1017 and 478029663?
1017
What is the greatest common factor of 41760364 and 272?
68
What is the highest common factor of 164 and 441133842?
82
What is the greatest common divisor of 1968 and 158728?
8
Calculate the highest common divisor of 1075 and 4499735.
215
What is the highest common divisor of 226842 and 273?
21
Calculate the highest common divisor of 1009196 and 2683690.
3214
What is the highest common factor of 358879392 and 192?
96
Calculate the greatest common divisor of 2812 and 42982826.
1406
What is the greatest common factor of 3401 and 1483910?
179
Calculate the highest common factor of 758 and 6290263.
379
What is the greatest common divisor of 22 and 165227986?
22
Calculate the greatest common divisor of 627903 and 4797.
9
What is the highest common factor of 116 and 158219708?
116
Calculate the highest common factor of 162 and 1649946.
6
What is the greatest common divisor of 8 and 99571264?
8
What is the greatest common factor of 1385 and 839067902?
277
Calculate the highest common factor of 2626425 and 125.
25
What is the highest common divisor of 295736827 and 811?
811
Calculate the greatest common factor of 944 and 19529.
59
What is the greatest common divisor of 765830 and 86215?
215
What is the highest common divisor of 16030689 and 279?
93
What is the greatest common factor of 1402065 and 1855?
35
Calculate the greatest common divisor of 416739828 and 48.
12
What is the greatest common factor of 200 and 194527400?
200
What is the greatest common factor of 141081 and 3321?
123
Calculate the highest common factor of 3787 and 11577941.
541
What is the greatest common factor of 592 and 433861704?
296
What is the greatest common factor of 190506019 and 1133?
1133
Calculate the h